Last updated on 2021-07-01 01:49:17 CEST.
Flavor | Version | Tinstall | Tcheck | Ttotal | Status | Flags |
---|---|---|---|---|---|---|
r-devel-linux-x86_64-debian-clang | 3.3.0 | 8.71 | 39.61 | 48.32 | OK | |
r-devel-linux-x86_64-debian-gcc | 3.3.0 | 6.16 | 30.90 | 37.06 | OK | |
r-devel-linux-x86_64-fedora-clang | 3.3.0 | 68.23 | OK | |||
r-devel-linux-x86_64-fedora-gcc | 3.3.0 | 57.35 | OK | |||
r-devel-windows-x86_64 | 3.3.0 | 15.00 | 59.00 | 74.00 | OK | |
r-devel-windows-x86_64-gcc10-UCRT | 3.3.0 | OK | ||||
r-patched-linux-x86_64 | 3.3.0 | 9.08 | 38.43 | 47.51 | OK | |
r-patched-solaris-x86 | 3.3.0 | 85.40 | NOTE | |||
r-release-linux-x86_64 | 3.3.0 | 7.57 | 38.18 | 45.75 | OK | |
r-release-macos-arm64 | 3.3.0 | NOTE | ||||
r-release-macos-x86_64 | 3.3.0 | OK | ||||
r-release-windows-ix86+x86_64 | 3.3.0 | 28.00 | 73.00 | 101.00 | OK | |
r-oldrel-macos-x86_64 | 3.3.0 | OK | ||||
r-oldrel-windows-ix86+x86_64 | 3.3.0 | 32.00 | 63.00 | 95.00 | OK |
Version: 3.3.0
Check: installed package size
Result: NOTE
installed size is 5.3Mb
sub-directories of 1Mb or more:
mapdata 4.2Mb
Flavor: r-patched-solaris-x86
Version: 3.3.0
Check: package dependencies
Result: NOTE
Package suggested but not available for checking: ‘rnaturalearth’
Flavor: r-release-macos-arm64