CRAN Package Check Results for Package maxmatching

Last updated on 2021-07-01 01:49:17 CEST.

Flavor Version Tinstall Tcheck Ttotal Status Flags
r-devel-linux-x86_64-debian-clang 0.1.0 4.07 33.60 37.67 NOTE
r-devel-linux-x86_64-debian-gcc 0.1.0 2.69 26.01 28.70 NOTE
r-devel-linux-x86_64-fedora-clang 0.1.0 53.14 NOTE
r-devel-linux-x86_64-fedora-gcc 0.1.0 43.20 NOTE
r-devel-windows-x86_64 0.1.0 4.00 48.00 52.00 NOTE
r-devel-windows-x86_64-gcc10-UCRT 0.1.0 NOTE
r-patched-linux-x86_64 0.1.0 3.03 31.93 34.96 NOTE
r-patched-solaris-x86 0.1.0 66.60 NOTE
r-release-linux-x86_64 0.1.0 3.81 31.92 35.73 NOTE
r-release-macos-arm64 0.1.0 NOTE
r-release-macos-x86_64 0.1.0 NOTE
r-release-windows-ix86+x86_64 0.1.0 16.00 43.00 59.00 NOTE
r-oldrel-macos-x86_64 0.1.0 OK
r-oldrel-windows-ix86+x86_64 0.1.0 7.00 50.00 57.00 OK

Check Details

Version: 0.1.0
Check: LazyData
Result: NOTE
     'LazyData' is specified without a 'data' directory
Flavors: r-devel-linux-x86_64-debian-clang, r-devel-linux-x86_64-debian-gcc, r-devel-linux-x86_64-fedora-clang, r-devel-linux-x86_64-fedora-gcc, r-devel-windows-x86_64, r-devel-windows-x86_64-gcc10-UCRT, r-patched-linux-x86_64, r-patched-solaris-x86, r-release-linux-x86_64, r-release-macos-arm64, r-release-macos-x86_64, r-release-windows-ix86+x86_64