Last updated on 2021-07-01 01:49:17 CEST.
Flavor | Version | Tinstall | Tcheck | Ttotal | Status | Flags |
---|---|---|---|---|---|---|
r-devel-linux-x86_64-debian-clang | 0.0.1 | 2.66 | 26.33 | 28.99 | NOTE | --no-vignettes |
r-devel-linux-x86_64-debian-gcc | 0.0.1 | 1.82 | 20.78 | 22.60 | NOTE | --no-vignettes |
r-devel-linux-x86_64-fedora-clang | 0.0.1 | 979.22 | NOTE | |||
r-devel-linux-x86_64-fedora-gcc | 0.0.1 | 1011.77 | NOTE | |||
r-devel-windows-x86_64 | 0.0.1 | 3.00 | 1051.00 | 1054.00 | NOTE | |
r-devel-windows-x86_64-gcc10-UCRT | 0.0.1 | NOTE | ||||
r-patched-linux-x86_64 | 0.0.1 | 2.39 | 25.58 | 27.97 | NOTE | --no-vignettes |
r-patched-solaris-x86 | 0.0.1 | 1139.80 | NOTE | |||
r-release-linux-x86_64 | 0.0.1 | 2.46 | 25.49 | 27.95 | NOTE | --no-vignettes |
r-release-macos-arm64 | 0.0.1 | NOTE | ||||
r-release-macos-x86_64 | 0.0.1 | NOTE | ||||
r-release-windows-ix86+x86_64 | 0.0.1 | 5.00 | 897.00 | 902.00 | NOTE | |
r-oldrel-macos-x86_64 | 0.0.1 | OK | ||||
r-oldrel-windows-ix86+x86_64 | 0.0.1 | 6.00 | 1029.00 | 1035.00 | NOTE |
Version: 0.0.1
Flags: --no-vignettes
Check: LazyData
Result: NOTE
'LazyData' is specified without a 'data' directory
Flavors: r-devel-linux-x86_64-debian-clang, r-devel-linux-x86_64-debian-gcc, r-patched-linux-x86_64, r-release-linux-x86_64
Version: 0.0.1
Flags: --no-vignettes
Check: package vignettes
Result: NOTE
Package vignette with placeholder title 'Vignette Title':
'my-vignette.Rmd'
Flavors: r-devel-linux-x86_64-debian-clang, r-devel-linux-x86_64-debian-gcc, r-patched-linux-x86_64, r-release-linux-x86_64
Version: 0.0.1
Check: LazyData
Result: NOTE
'LazyData' is specified without a 'data' directory
Flavors: r-devel-linux-x86_64-fedora-clang, r-devel-linux-x86_64-fedora-gcc, r-devel-windows-x86_64, r-devel-windows-x86_64-gcc10-UCRT, r-patched-solaris-x86, r-release-macos-arm64, r-release-macos-x86_64, r-release-windows-ix86+x86_64
Version: 0.0.1
Check: package dependencies
Result: NOTE
Package suggested but not available for checking: 'doMC'
Flavors: r-devel-windows-x86_64, r-devel-windows-x86_64-gcc10-UCRT, r-release-windows-ix86+x86_64, r-oldrel-windows-ix86+x86_64
Version: 0.0.1
Check: package vignettes
Result: NOTE
Package vignette with placeholder title 'Vignette Title':
'my-vignette.Rmd'
Flavors: r-devel-windows-x86_64, r-release-windows-ix86+x86_64, r-oldrel-windows-ix86+x86_64