CRAN Package Check Results for Package mbend

Last updated on 2021-07-01 01:49:17 CEST.

Flavor Version Tinstall Tcheck Ttotal Status Flags
r-devel-linux-x86_64-debian-clang 1.3.1 1.90 25.20 27.10 NOTE
r-devel-linux-x86_64-debian-gcc 1.3.1 1.48 19.49 20.97 NOTE
r-devel-linux-x86_64-fedora-clang 1.3.1 42.58 NOTE
r-devel-linux-x86_64-fedora-gcc 1.3.1 32.09 NOTE
r-devel-windows-x86_64 1.3.1 4.00 40.00 44.00 NOTE
r-devel-windows-x86_64-gcc10-UCRT 1.3.1 NOTE
r-patched-linux-x86_64 1.3.1 1.56 23.97 25.53 NOTE
r-patched-solaris-x86 1.3.1 48.20 NOTE
r-release-linux-x86_64 1.3.1 1.80 24.15 25.95 NOTE
r-release-macos-arm64 1.3.1 NOTE
r-release-macos-x86_64 1.3.1 NOTE
r-release-windows-ix86+x86_64 1.3.1 4.00 36.00 40.00 NOTE
r-oldrel-macos-x86_64 1.3.1 OK
r-oldrel-windows-ix86+x86_64 1.3.1 5.00 41.00 46.00 OK

Check Details

Version: 1.3.1
Check: LazyData
Result: NOTE
     'LazyData' is specified without a 'data' directory
Flavors: r-devel-linux-x86_64-debian-clang, r-devel-linux-x86_64-debian-gcc, r-devel-linux-x86_64-fedora-clang, r-devel-linux-x86_64-fedora-gcc, r-devel-windows-x86_64, r-devel-windows-x86_64-gcc10-UCRT, r-patched-linux-x86_64, r-patched-solaris-x86, r-release-linux-x86_64, r-release-macos-arm64, r-release-macos-x86_64, r-release-windows-ix86+x86_64