CRAN Package Check Results for Package mcbette

Last updated on 2021-07-01 01:49:17 CEST.

Flavor Version Tinstall Tcheck Ttotal Status Flags
r-devel-linux-x86_64-debian-clang 1.13 4.04 37.77 41.81 NOTE
r-devel-linux-x86_64-debian-gcc 1.13 2.59 29.18 31.77 NOTE
r-devel-linux-x86_64-fedora-clang 1.13 57.98 NOTE
r-devel-linux-x86_64-fedora-gcc 1.13 47.71 NOTE
r-devel-windows-x86_64 1.13 18.00 55.00 73.00 NOTE
r-devel-windows-x86_64-gcc10-UCRT 1.13 ERROR
r-patched-linux-x86_64 1.13 4.53 35.95 40.48 NOTE
r-patched-solaris-x86 1.13 71.00 NOTE
r-release-linux-x86_64 1.13 3.48 36.11 39.59 NOTE
r-release-macos-arm64 1.13 ERROR
r-release-macos-x86_64 1.13 NOTE
r-release-windows-ix86+x86_64 1.13 11.00 51.00 62.00 NOTE
r-oldrel-macos-x86_64 1.13 OK
r-oldrel-windows-ix86+x86_64 1.13 13.00 47.00 60.00 OK

Additional issues

donttest

Check Details

Version: 1.13
Check: LazyData
Result: NOTE
     'LazyData' is specified without a 'data' directory
Flavors: r-devel-linux-x86_64-debian-clang, r-devel-linux-x86_64-debian-gcc, r-devel-linux-x86_64-fedora-clang, r-devel-linux-x86_64-fedora-gcc, r-devel-windows-x86_64, r-devel-windows-x86_64-gcc10-UCRT, r-patched-linux-x86_64, r-patched-solaris-x86, r-release-linux-x86_64, r-release-macos-arm64, r-release-macos-x86_64, r-release-windows-ix86+x86_64

Version: 1.13
Check: examples
Result: ERROR
    Running examples in 'mcbette-Ex.R' failed
    The error most likely occurred in:
    
    > ### Name: mcbette_report
    > ### Title: Create a mcbette report, to be used when reporting bugs
    > ### Aliases: mcbette_report
    >
    > ### ** Examples
    >
    > mcbette_report()
    ***********
    
    * mcbette *
    
    ***********
    
    Can run mcbette: FALSE
    
    OS: win
    
    ****************
    
    * Dependencies *
    
    ****************
    
    beautier version: 2.6
    
    tracerer version: 2.2.2
    
    beastier version: 2.4.2
    
    mauricer version: 2.3
    
    babette version: 2.2
    
    **********
    
    * BEAST2 *
    
    **********
    
    Java version: 11.0.9.1+1
    
    Is BEAST2 installed: TRUE
    
    Error in beastier::get_beast2_version(beast2_path = beastier::get_default_beast2_bin_path(beast2_folder = beast2_folder)) :
     Cannot use the Windows executable BEAST2.exe in scripts
    Calls: mcbette_report ... message -> .makeMessage -> lapply -> paste0 -> <Anonymous>
    Execution halted
Flavor: r-devel-windows-x86_64-gcc10-UCRT

Version: 1.13
Check: examples
Result: ERROR
    Running examples in ‘mcbette-Ex.R’ failed
    The error most likely occurred in:
    
    > ### Name: mcbette_report
    > ### Title: Create a mcbette report, to be used when reporting bugs
    > ### Aliases: mcbette_report
    >
    > ### ** Examples
    >
    > mcbette_report()
    ***********
    
    * mcbette *
    
    ***********
    
    Can run mcbette: FALSE
    
    OS: mac
    
    ****************
    
    * Dependencies *
    
    ****************
    
    beautier version: 2.4
    
    tracerer version: 2.1
    
    beastier version: 2.2.1
    
    mauricer version: 2.3
    
    babette version: 2.2
    
    **********
    
    * BEAST2 *
    
    **********
Flavor: r-release-macos-arm64