CRAN Package Check Results for Package mcca

Last updated on 2021-07-01 01:49:17 CEST.

Flavor Version Tinstall Tcheck Ttotal Status Flags
r-devel-linux-x86_64-debian-clang 0.7.0 16.31 135.40 151.71 NOTE
r-devel-linux-x86_64-debian-gcc 0.7.0 13.44 100.09 113.53 NOTE
r-devel-linux-x86_64-fedora-clang 0.7.0 186.56 NOTE
r-devel-linux-x86_64-fedora-gcc 0.7.0 172.96 NOTE
r-devel-windows-x86_64 0.7.0 29.00 161.00 190.00 NOTE
r-devel-windows-x86_64-gcc10-UCRT 0.7.0 NOTE
r-patched-linux-x86_64 0.7.0 14.39 124.94 139.33 NOTE
r-patched-solaris-x86 0.7.0 241.20 NOTE
r-release-linux-x86_64 0.7.0 14.87 125.87 140.74 NOTE
r-release-macos-arm64 0.7.0 NOTE
r-release-macos-x86_64 0.7.0 NOTE
r-release-windows-ix86+x86_64 0.7.0 39.00 139.00 178.00 NOTE
r-oldrel-macos-x86_64 0.7.0 OK
r-oldrel-windows-ix86+x86_64 0.7.0 38.00 131.00 169.00 OK

Check Details

Version: 0.7.0
Check: LazyData
Result: NOTE
     'LazyData' is specified without a 'data' directory
Flavors: r-devel-linux-x86_64-debian-clang, r-devel-linux-x86_64-debian-gcc, r-devel-linux-x86_64-fedora-clang, r-devel-linux-x86_64-fedora-gcc, r-devel-windows-x86_64, r-devel-windows-x86_64-gcc10-UCRT, r-patched-linux-x86_64, r-patched-solaris-x86, r-release-linux-x86_64, r-release-macos-arm64, r-release-macos-x86_64, r-release-windows-ix86+x86_64