CRAN Package Check Results for Package meta4diag

Last updated on 2021-07-01 01:49:17 CEST.

Flavor Version Tinstall Tcheck Ttotal Status Flags
r-devel-linux-x86_64-debian-clang 2.0.8 13.77 83.45 97.22 NOTE
r-devel-linux-x86_64-debian-gcc 2.0.8 11.61 63.26 74.87 NOTE
r-devel-linux-x86_64-fedora-clang 2.0.8 127.93 OK
r-devel-linux-x86_64-fedora-gcc 2.0.8 119.07 OK
r-devel-windows-x86_64 2.0.8 18.00 106.00 124.00 OK
r-devel-windows-x86_64-gcc10-UCRT 2.0.8 NOTE
r-patched-linux-x86_64 2.0.8 13.02 80.86 93.88 NOTE
r-patched-solaris-x86 2.0.8 150.60 NOTE
r-release-linux-x86_64 2.0.8 12.47 79.73 92.20 NOTE
r-release-macos-arm64 2.0.8 NOTE
r-release-macos-x86_64 2.0.8 NOTE
r-release-windows-ix86+x86_64 2.0.8 31.00 96.00 127.00 OK
r-oldrel-macos-x86_64 2.0.8 NOTE
r-oldrel-windows-ix86+x86_64 2.0.8 27.00 89.00 116.00 OK

Check Details

Version: 2.0.8
Check: package dependencies
Result: NOTE
    Package suggested but not available for checking: 'INLA'
Flavors: r-devel-linux-x86_64-debian-clang, r-devel-linux-x86_64-debian-gcc, r-devel-windows-x86_64-gcc10-UCRT, r-patched-linux-x86_64, r-patched-solaris-x86, r-release-linux-x86_64, r-release-macos-arm64, r-release-macos-x86_64, r-oldrel-macos-x86_64