CRAN Package Check Results for Package metamisc

Last updated on 2021-07-01 01:49:17 CEST.

Flavor Version Tinstall Tcheck Ttotal Status Flags
r-devel-linux-x86_64-debian-clang 0.2.3 17.19 148.32 165.51 OK
r-devel-linux-x86_64-debian-gcc 0.2.3 13.42 107.91 121.33 OK
r-devel-linux-x86_64-fedora-clang 0.2.3 198.35 OK
r-devel-linux-x86_64-fedora-gcc 0.2.3 189.62 OK
r-devel-windows-x86_64 0.2.3 18.00 172.00 190.00 OK
r-devel-windows-x86_64-gcc10-UCRT 0.2.3 OK
r-patched-linux-x86_64 0.2.3 16.90 136.39 153.29 OK
r-patched-solaris-x86 0.2.3 259.40 OK
r-release-linux-x86_64 0.2.3 16.13 138.22 154.35 OK
r-release-macos-arm64 0.2.3 NOTE
r-release-macos-x86_64 0.2.3 OK
r-release-windows-ix86+x86_64 0.2.3 55.00 166.00 221.00 OK
r-oldrel-macos-x86_64 0.2.3 OK
r-oldrel-windows-ix86+x86_64 0.2.3 37.00 140.00 177.00 OK

Check Details

Version: 0.2.3
Check: package dependencies
Result: NOTE
    Packages suggested but not available for checking: 'runjags', 'rjags'
Flavor: r-release-macos-arm64