Last updated on 2021-07-01 01:49:17 CEST.
Flavor | Version | Tinstall | Tcheck | Ttotal | Status | Flags |
---|---|---|---|---|---|---|
r-devel-linux-x86_64-debian-clang | 1.5.8 | 10.93 | 93.75 | 104.68 | NOTE | |
r-devel-linux-x86_64-debian-gcc | 1.5.8 | 9.05 | 70.88 | 79.93 | NOTE | |
r-devel-linux-x86_64-fedora-clang | 1.5.8 | 129.69 | NOTE | |||
r-devel-linux-x86_64-fedora-gcc | 1.5.8 | 121.89 | NOTE | |||
r-devel-windows-x86_64 | 1.5.8 | 24.00 | 115.00 | 139.00 | NOTE | |
r-devel-windows-x86_64-gcc10-UCRT | 1.5.8 | NOTE | ||||
r-patched-linux-x86_64 | 1.5.8 | 10.09 | 88.90 | 98.99 | NOTE | |
r-patched-solaris-x86 | 1.5.8 | 184.10 | NOTE | |||
r-release-linux-x86_64 | 1.5.8 | 7.87 | 90.02 | 97.89 | NOTE | |
r-release-macos-arm64 | 1.5.8 | NOTE | ||||
r-release-macos-x86_64 | 1.5.8 | NOTE | ||||
r-release-windows-ix86+x86_64 | 1.5.8 | 31.00 | 101.00 | 132.00 | NOTE | |
r-oldrel-macos-x86_64 | 1.5.8 | OK | ||||
r-oldrel-windows-ix86+x86_64 | 1.5.8 | 24.00 | 114.00 | 138.00 | OK |
Version: 1.5.8
Check: LazyData
Result: NOTE
'LazyData' is specified without a 'data' directory
Flavors: r-devel-linux-x86_64-debian-clang, r-devel-linux-x86_64-debian-gcc, r-devel-linux-x86_64-fedora-clang, r-devel-linux-x86_64-fedora-gcc, r-devel-windows-x86_64, r-devel-windows-x86_64-gcc10-UCRT, r-patched-linux-x86_64, r-patched-solaris-x86, r-release-linux-x86_64, r-release-macos-arm64, r-release-macos-x86_64, r-release-windows-ix86+x86_64