Last updated on 2021-07-01 01:49:18 CEST.
Flavor | Version | Tinstall | Tcheck | Ttotal | Status | Flags |
---|---|---|---|---|---|---|
r-devel-linux-x86_64-debian-clang | 1.13.1 | 142.53 | 185.08 | 327.61 | OK | |
r-devel-linux-x86_64-debian-gcc | 1.13.1 | 98.43 | 132.49 | 230.92 | OK | |
r-devel-linux-x86_64-fedora-clang | 1.13.1 | 405.03 | NOTE | |||
r-devel-linux-x86_64-fedora-gcc | 1.13.1 | 375.75 | OK | |||
r-devel-windows-x86_64 | 1.13.1 | 122.00 | 213.00 | 335.00 | OK | |
r-devel-windows-x86_64-gcc10-UCRT | 1.13.1 | OK | ||||
r-patched-linux-x86_64 | 1.13.1 | 115.08 | 173.64 | 288.72 | OK | |
r-patched-solaris-x86 | 1.13.1 | 388.70 | OK | |||
r-release-linux-x86_64 | 1.13.1 | 109.86 | 173.47 | 283.33 | OK | |
r-release-macos-arm64 | 1.13.1 | NOTE | ||||
r-release-macos-x86_64 | 1.13.1 | NOTE | ||||
r-release-windows-ix86+x86_64 | 1.13.1 | 193.00 | 218.00 | 411.00 | OK | |
r-oldrel-macos-x86_64 | 1.13.1 | NOTE | ||||
r-oldrel-windows-ix86+x86_64 | 1.13.1 | 261.00 | 213.00 | 474.00 | OK |
Version: 1.13.1
Check: installed package size
Result: NOTE
installed size is 7.4Mb
sub-directories of 1Mb or more:
libs 5.8Mb
Flavors: r-devel-linux-x86_64-fedora-clang, r-release-macos-arm64, r-release-macos-x86_64, r-oldrel-macos-x86_64
Version: 1.13.1
Check: Rd cross-references
Result: NOTE
Undeclared packages ‘hoa’, ‘evir’ in Rd xrefs
Flavor: r-devel-linux-x86_64-fedora-clang