Last updated on 2021-07-01 01:49:18 CEST.
Flavor | Version | Tinstall | Tcheck | Ttotal | Status | Flags |
---|---|---|---|---|---|---|
r-devel-linux-x86_64-debian-clang | 3.11-6 | 165.48 | 144.88 | 310.36 | OK | |
r-devel-linux-x86_64-debian-gcc | 3.11-6 | 105.37 | 102.97 | 208.34 | OK | |
r-devel-linux-x86_64-fedora-clang | 3.11-6 | 398.09 | NOTE | |||
r-devel-linux-x86_64-fedora-gcc | 3.11-6 | 361.20 | OK | |||
r-devel-windows-x86_64 | 3.11-6 | 176.00 | 185.00 | 361.00 | OK | |
r-devel-windows-x86_64-gcc10-UCRT | 3.11-6 | OK | ||||
r-patched-linux-x86_64 | 3.11-6 | 126.82 | 135.03 | 261.85 | OK | |
r-patched-solaris-x86 | 3.11-6 | 357.60 | OK | |||
r-release-linux-x86_64 | 3.11-6 | 123.39 | 133.63 | 257.02 | OK | |
r-release-macos-arm64 | 3.11-6 | NOTE | ||||
r-release-macos-x86_64 | 3.11-6 | NOTE | ||||
r-release-windows-ix86+x86_64 | 3.11-6 | 357.00 | 221.00 | 578.00 | OK | |
r-oldrel-macos-x86_64 | 3.11-6 | NOTE | ||||
r-oldrel-windows-ix86+x86_64 | 3.11-6 | 349.00 | 194.00 | 543.00 | OK |
Version: 3.11-6
Check: installed package size
Result: NOTE
installed size is 7.1Mb
sub-directories of 1Mb or more:
libs 5.5Mb
Flavors: r-devel-linux-x86_64-fedora-clang, r-release-macos-arm64, r-release-macos-x86_64, r-oldrel-macos-x86_64