CRAN Package Check Results for Package microbenchmark

Last updated on 2021-07-01 01:49:18 CEST.

Flavor Version Tinstall Tcheck Ttotal Status Flags
r-devel-linux-x86_64-debian-clang 1.4-7 5.78 42.24 48.02 NOTE
r-devel-linux-x86_64-debian-gcc 1.4-7 3.54 32.87 36.41 NOTE
r-devel-linux-x86_64-fedora-clang 1.4-7 62.91 NOTE
r-devel-linux-x86_64-fedora-gcc 1.4-7 54.00 NOTE
r-devel-windows-x86_64 1.4-7 7.00 71.00 78.00 NOTE
r-devel-windows-x86_64-gcc10-UCRT 1.4-7 NOTE
r-patched-linux-x86_64 1.4-7 4.03 41.63 45.66 NOTE
r-patched-solaris-x86 1.4-7 76.40 NOTE
r-release-linux-x86_64 1.4-7 4.04 41.32 45.36 NOTE
r-release-macos-arm64 1.4-7 NOTE
r-release-macos-x86_64 1.4-7 NOTE
r-release-windows-ix86+x86_64 1.4-7 10.00 103.00 113.00 NOTE
r-oldrel-macos-x86_64 1.4-7 OK
r-oldrel-windows-ix86+x86_64 1.4-7 11.00 99.00 110.00 OK

Check Details

Version: 1.4-7
Check: LazyData
Result: NOTE
     'LazyData' is specified without a 'data' directory
Flavors: r-devel-linux-x86_64-debian-clang, r-devel-linux-x86_64-debian-gcc, r-devel-linux-x86_64-fedora-clang, r-devel-linux-x86_64-fedora-gcc, r-devel-windows-x86_64, r-devel-windows-x86_64-gcc10-UCRT, r-patched-linux-x86_64, r-patched-solaris-x86, r-release-linux-x86_64, r-release-macos-arm64, r-release-macos-x86_64, r-release-windows-ix86+x86_64