CRAN Package Check Results for Package miic

Last updated on 2021-07-01 01:49:18 CEST.

Flavor Version Tinstall Tcheck Ttotal Status Flags
r-devel-linux-x86_64-debian-clang 1.5.3 110.39 41.33 151.72 OK
r-devel-linux-x86_64-debian-gcc 1.5.3 68.68 31.59 100.27 OK
r-devel-linux-x86_64-fedora-clang 1.5.3 219.97 NOTE
r-devel-linux-x86_64-fedora-gcc 1.5.3 183.19 OK
r-devel-windows-x86_64 1.5.3 96.00 70.00 166.00 OK
r-devel-windows-x86_64-gcc10-UCRT 1.5.3 OK
r-patched-linux-x86_64 1.5.3 83.01 39.99 123.00 OK
r-patched-solaris-x86 1.5.3 179.10 OK
r-release-linux-x86_64 1.5.3 78.60 39.87 118.47 OK
r-release-macos-arm64 1.5.3 NOTE
r-release-macos-x86_64 1.5.3 NOTE
r-release-windows-ix86+x86_64 1.5.3 176.00 83.00 259.00 OK
r-oldrel-macos-x86_64 1.5.3 NOTE
r-oldrel-windows-ix86+x86_64 1.5.3 234.00 79.00 313.00 OK

Check Details

Version: 1.5.3
Check: installed package size
Result: NOTE
     installed size is 5.8Mb
     sub-directories of 1Mb or more:
     libs 5.5Mb
Flavors: r-devel-linux-x86_64-fedora-clang, r-release-macos-arm64, r-release-macos-x86_64, r-oldrel-macos-x86_64