Last updated on 2021-07-01 01:49:18 CEST.
Flavor | Version | Tinstall | Tcheck | Ttotal | Status | Flags |
---|---|---|---|---|---|---|
r-devel-linux-x86_64-debian-clang | 0.3 | 61.91 | 91.29 | 153.20 | OK | |
r-devel-linux-x86_64-debian-gcc | 0.3 | 41.17 | 70.92 | 112.09 | OK | |
r-devel-linux-x86_64-fedora-clang | 0.3 | 210.60 | NOTE | |||
r-devel-linux-x86_64-fedora-gcc | 0.3 | 189.58 | OK | |||
r-devel-windows-x86_64 | 0.3 | 55.00 | 131.00 | 186.00 | OK | |
r-devel-windows-x86_64-gcc10-UCRT | 0.3 | OK | ||||
r-patched-linux-x86_64 | 0.3 | 45.99 | 88.77 | 134.76 | OK | |
r-patched-solaris-x86 | 0.3 | 282.50 | OK | |||
r-release-linux-x86_64 | 0.3 | 46.89 | 89.98 | 136.87 | OK | |
r-release-macos-arm64 | 0.3 | NOTE | ||||
r-release-macos-x86_64 | 0.3 | NOTE | ||||
r-release-windows-ix86+x86_64 | 0.3 | 126.00 | 139.00 | 265.00 | OK | |
r-oldrel-macos-x86_64 | 0.3 | NOTE | ||||
r-oldrel-windows-ix86+x86_64 | 0.3 | 138.00 | 148.00 | 286.00 | OK |
Version: 0.3
Check: installed package size
Result: NOTE
installed size is 6.4Mb
sub-directories of 1Mb or more:
libs 5.8Mb
Flavors: r-devel-linux-x86_64-fedora-clang, r-release-macos-arm64, r-release-macos-x86_64, r-oldrel-macos-x86_64