CRAN Package Check Results for Package miniMeta

Last updated on 2021-07-01 01:49:18 CEST.

Flavor Version Tinstall Tcheck Ttotal Status Flags
r-devel-linux-x86_64-debian-clang 0.2 10.61 100.32 110.93 OK
r-devel-linux-x86_64-debian-gcc 0.2 10.69 75.27 85.96 OK
r-devel-linux-x86_64-fedora-clang 0.2 142.45 NOTE
r-devel-linux-x86_64-fedora-gcc 0.2 132.49 NOTE
r-devel-windows-x86_64 0.2 32.00 127.00 159.00 OK
r-devel-windows-x86_64-gcc10-UCRT 0.2 NOTE
r-patched-linux-x86_64 0.2 11.78 95.06 106.84 OK
r-patched-solaris-x86 0.2 184.20 NOTE
r-release-linux-x86_64 0.2 11.98 95.18 107.16 OK
r-release-macos-arm64 0.2 NOTE
r-release-macos-x86_64 0.2 NOTE
r-release-windows-ix86+x86_64 0.2 27.00 123.00 150.00 OK
r-oldrel-macos-x86_64 0.2 NOTE
r-oldrel-windows-ix86+x86_64 0.2 29.00 110.00 139.00 OK

Check Details

Version: 0.2
Check: dependencies in R code
Result: NOTE
    Namespaces in Imports field not imported from:
     ‘markdown’ ‘metafor’
     All declared Imports should be used.
Flavors: r-devel-linux-x86_64-fedora-clang, r-devel-linux-x86_64-fedora-gcc, r-devel-windows-x86_64-gcc10-UCRT, r-patched-solaris-x86, r-release-macos-arm64, r-release-macos-x86_64, r-oldrel-macos-x86_64