CRAN Package Check Results for Package miniUI

Last updated on 2021-07-01 01:49:18 CEST.

Flavor Version Tinstall Tcheck Ttotal Status Flags
r-devel-linux-x86_64-debian-clang 0.1.1.1 3.58 33.14 36.72 NOTE
r-devel-linux-x86_64-debian-gcc 0.1.1.1 2.59 25.69 28.28 NOTE
r-devel-linux-x86_64-fedora-clang 0.1.1.1 52.28 NOTE
r-devel-linux-x86_64-fedora-gcc 0.1.1.1 42.72 NOTE
r-devel-windows-x86_64 0.1.1.1 6.00 51.00 57.00 NOTE
r-devel-windows-x86_64-gcc10-UCRT 0.1.1.1 NOTE
r-patched-linux-x86_64 0.1.1.1 7.32 31.45 38.77 NOTE
r-patched-solaris-x86 0.1.1.1 66.60 NOTE
r-release-linux-x86_64 0.1.1.1 3.12 31.85 34.97 NOTE
r-release-macos-arm64 0.1.1.1 NOTE
r-release-macos-x86_64 0.1.1.1 NOTE
r-release-windows-ix86+x86_64 0.1.1.1 18.00 50.00 68.00 NOTE
r-oldrel-macos-x86_64 0.1.1.1 OK
r-oldrel-windows-ix86+x86_64 0.1.1.1 8.00 46.00 54.00 OK

Check Details

Version: 0.1.1.1
Check: LazyData
Result: NOTE
     'LazyData' is specified without a 'data' directory
Flavors: r-devel-linux-x86_64-debian-clang, r-devel-linux-x86_64-debian-gcc, r-devel-linux-x86_64-fedora-clang, r-devel-linux-x86_64-fedora-gcc, r-devel-windows-x86_64, r-devel-windows-x86_64-gcc10-UCRT, r-patched-linux-x86_64, r-patched-solaris-x86, r-release-linux-x86_64, r-release-macos-arm64, r-release-macos-x86_64, r-release-windows-ix86+x86_64