Last updated on 2021-07-01 01:49:18 CEST.
Flavor | Version | Tinstall | Tcheck | Ttotal | Status | Flags |
---|---|---|---|---|---|---|
r-devel-linux-x86_64-debian-clang | 2.0.3 | 4.16 | 68.04 | 72.20 | OK | |
r-devel-linux-x86_64-debian-gcc | 2.0.3 | 3.40 | 51.89 | 55.29 | OK | |
r-devel-linux-x86_64-fedora-clang | 2.0.3 | 95.52 | NOTE | |||
r-devel-linux-x86_64-fedora-gcc | 2.0.3 | 84.82 | NOTE | |||
r-devel-windows-x86_64 | 2.0.3 | 8.00 | 107.00 | 115.00 | OK | |
r-devel-windows-x86_64-gcc10-UCRT | 2.0.3 | NOTE | ||||
r-patched-linux-x86_64 | 2.0.3 | 6.08 | 65.75 | 71.83 | OK | |
r-patched-solaris-x86 | 2.0.3 | 126.60 | NOTE | |||
r-release-linux-x86_64 | 2.0.3 | 4.18 | 64.63 | 68.81 | OK | |
r-release-macos-arm64 | 2.0.3 | NOTE | ||||
r-release-macos-x86_64 | 2.0.3 | NOTE | ||||
r-release-windows-ix86+x86_64 | 2.0.3 | 7.00 | 103.00 | 110.00 | OK | |
r-oldrel-macos-x86_64 | 2.0.3 | NOTE | ||||
r-oldrel-windows-ix86+x86_64 | 2.0.3 | 9.00 | 90.00 | 99.00 | OK |
Version: 2.0.3
Check: dependencies in R code
Result: NOTE
Namespace in Imports field not imported from: ‘grDevices’
All declared Imports should be used.
Flavors: r-devel-linux-x86_64-fedora-clang, r-devel-linux-x86_64-fedora-gcc, r-devel-windows-x86_64-gcc10-UCRT, r-patched-solaris-x86, r-release-macos-arm64, r-release-macos-x86_64, r-oldrel-macos-x86_64