CRAN Package Check Results for Package mixmeta

Last updated on 2021-07-01 01:49:18 CEST.

Flavor Version Tinstall Tcheck Ttotal Status Flags
r-devel-linux-x86_64-debian-clang 1.1.3 5.93 77.41 83.34 OK
r-devel-linux-x86_64-debian-gcc 1.1.3 5.22 54.44 59.66 OK
r-devel-linux-x86_64-fedora-clang 1.1.3 103.32 NOTE
r-devel-linux-x86_64-fedora-gcc 1.1.3 94.70 OK
r-devel-windows-x86_64 1.1.3 8.00 93.00 101.00 OK
r-devel-windows-x86_64-gcc10-UCRT 1.1.3 OK
r-patched-linux-x86_64 1.1.3 6.95 70.98 77.93 OK
r-patched-solaris-x86 1.1.3 117.70 OK
r-release-linux-x86_64 1.1.3 5.52 71.36 76.88 OK
r-release-macos-arm64 1.1.3 OK
r-release-macos-x86_64 1.1.3 OK
r-release-windows-ix86+x86_64 1.1.3 10.00 92.00 102.00 OK
r-oldrel-macos-x86_64 1.1.3 OK
r-oldrel-windows-ix86+x86_64 1.1.3 11.00 79.00 90.00 OK

Check Details

Version: 1.1.3
Check: Rd cross-references
Result: NOTE
    Undeclared package ‘mvmeta’ in Rd xrefs
Flavor: r-devel-linux-x86_64-fedora-clang