Last updated on 2021-07-01 01:49:18 CEST.
Flavor | Version | Tinstall | Tcheck | Ttotal | Status | Flags |
---|---|---|---|---|---|---|
r-devel-linux-x86_64-debian-clang | 1.0.0 | 18.34 | 401.17 | 419.51 | OK | |
r-devel-linux-x86_64-debian-gcc | 1.0.0 | 12.55 | 283.14 | 295.69 | OK | |
r-devel-linux-x86_64-fedora-clang | 1.0.0 | 502.61 | OK | |||
r-devel-linux-x86_64-fedora-gcc | 1.0.0 | 476.94 | OK | |||
r-devel-windows-x86_64 | 1.0.0 | 17.00 | 504.00 | 521.00 | OK | |
r-devel-windows-x86_64-gcc10-UCRT | 1.0.0 | OK | ||||
r-patched-linux-x86_64 | 1.0.0 | 14.75 | 373.94 | 388.69 | OK | |
r-patched-solaris-x86 | 1.0.0 | 777.00 | NOTE | |||
r-release-linux-x86_64 | 1.0.0 | 11.98 | 378.07 | 390.05 | OK | |
r-release-macos-arm64 | 1.0.0 | OK | ||||
r-release-macos-x86_64 | 1.0.0 | OK | ||||
r-release-windows-ix86+x86_64 | 1.0.0 | 33.00 | 507.00 | 540.00 | OK | |
r-oldrel-macos-x86_64 | 1.0.0 | OK | ||||
r-oldrel-windows-ix86+x86_64 | 1.0.0 | 32.00 | 444.00 | 476.00 | OK |
Version: 1.0.0
Check: installed package size
Result: NOTE
installed size is 5.3Mb
sub-directories of 1Mb or more:
doc 4.8Mb
Flavor: r-patched-solaris-x86