CRAN Package Check Results for Package mlflow

Last updated on 2021-07-01 01:49:18 CEST.

Flavor Version Tinstall Tcheck Ttotal Status Flags
r-devel-linux-x86_64-debian-clang 1.18.0 11.17 81.38 92.55 OK
r-devel-linux-x86_64-debian-gcc 1.18.0 9.04 61.95 70.99 OK
r-devel-linux-x86_64-fedora-clang 1.18.0 118.20 NOTE
r-devel-linux-x86_64-fedora-gcc 1.18.0 107.88 NOTE
r-devel-windows-x86_64 1.18.0 11.00 107.00 118.00 OK
r-devel-windows-x86_64-gcc10-UCRT 1.18.0 NOTE
r-patched-linux-x86_64 1.18.0 9.83 78.33 88.16 OK
r-patched-solaris-x86 1.18.0 156.00 NOTE
r-release-linux-x86_64 1.18.0 9.71 78.37 88.08 OK
r-release-macos-arm64 1.18.0 NOTE
r-release-macos-x86_64 1.18.0 NOTE
r-release-windows-ix86+x86_64 1.18.0 48.00 101.00 149.00 OK
r-oldrel-macos-x86_64 1.18.0 NOTE
r-oldrel-windows-ix86+x86_64 1.18.0 23.00 103.00 126.00 OK

Check Details

Version: 1.18.0
Check: dependencies in R code
Result: NOTE
    Namespace in Imports field not imported from: ‘xml2’
     All declared Imports should be used.
Flavors: r-devel-linux-x86_64-fedora-clang, r-devel-linux-x86_64-fedora-gcc, r-devel-windows-x86_64-gcc10-UCRT, r-patched-solaris-x86, r-release-macos-arm64, r-release-macos-x86_64, r-oldrel-macos-x86_64