Last updated on 2021-07-01 01:49:18 CEST.
Flavor | Version | Tinstall | Tcheck | Ttotal | Status | Flags |
---|---|---|---|---|---|---|
r-devel-linux-x86_64-debian-clang | 0.1.1 | 18.69 | 72.21 | 90.90 | OK | |
r-devel-linux-x86_64-debian-gcc | 0.1.1 | 16.73 | 54.61 | 71.34 | OK | |
r-devel-linux-x86_64-fedora-clang | 0.1.1 | 119.34 | OK | |||
r-devel-linux-x86_64-fedora-gcc | 0.1.1 | 107.41 | OK | |||
r-devel-windows-x86_64 | 0.1.1 | 21.00 | 100.00 | 121.00 | OK | |
r-devel-windows-x86_64-gcc10-UCRT | 0.1.1 | OK | ||||
r-patched-linux-x86_64 | 0.1.1 | 21.74 | 66.49 | 88.23 | OK | |
r-patched-solaris-x86 | 0.1.1 | 157.00 | NOTE | |||
r-release-linux-x86_64 | 0.1.1 | 17.54 | 66.58 | 84.12 | OK | |
r-release-macos-arm64 | 0.1.1 | ERROR | ||||
r-release-macos-x86_64 | 0.1.1 | OK | ||||
r-release-windows-ix86+x86_64 | 0.1.1 | 36.00 | 83.00 | 119.00 | OK | |
r-oldrel-macos-x86_64 | 0.1.1 | OK | ||||
r-oldrel-windows-ix86+x86_64 | 0.1.1 | 31.00 | 81.00 | 112.00 | OK |
Version: 0.1.1
Check: package dependencies
Result: NOTE
Package suggested but not available for checking: ‘RWeka’
Flavor: r-patched-solaris-x86
Version: 0.1.1
Check: tests
Result: ERROR
Running ‘testthat.R’ [3s/3s]
Running the tests in ‘tests/testthat.R’ failed.
Complete output:
> if (requireNamespace("testthat", quietly = TRUE)) {
+ library(checkmate)
+ library(testthat)
+ library(mlr3)
+ library(mlr3cluster)
+
+ test_check("mlr3cluster")
+ }
Flavor: r-release-macos-arm64