CRAN Package Check Results for Package mlr3pipelines

Last updated on 2021-07-01 01:49:18 CEST.

Flavor Version Tinstall Tcheck Ttotal Status Flags
r-devel-linux-x86_64-debian-clang 0.3.4 35.09 459.59 494.68 NOTE
r-devel-linux-x86_64-debian-gcc 0.3.4 24.35 325.68 350.03 NOTE
r-devel-linux-x86_64-fedora-clang 0.3.4 432.26 NOTE
r-devel-linux-x86_64-fedora-gcc 0.3.4 410.22 NOTE
r-devel-windows-x86_64 0.3.4 36.00 404.00 440.00 NOTE
r-devel-windows-x86_64-gcc10-UCRT 0.3.4 NOTE
r-patched-linux-x86_64 0.3.4 45.94 424.50 470.44 NOTE
r-patched-solaris-x86 0.3.4 702.60 NOTE
r-release-linux-x86_64 0.3.4 28.94 424.14 453.08 NOTE
r-release-macos-arm64 0.3.4 NOTE
r-release-macos-x86_64 0.3.4 NOTE
r-release-windows-ix86+x86_64 0.3.4 62.00 404.00 466.00 NOTE
r-oldrel-macos-x86_64 0.3.4 OK
r-oldrel-windows-ix86+x86_64 0.3.4 50.00 342.00 392.00 OK

Check Details

Version: 0.3.4
Check: LazyData
Result: NOTE
     'LazyData' is specified without a 'data' directory
Flavors: r-devel-linux-x86_64-debian-clang, r-devel-linux-x86_64-debian-gcc, r-devel-linux-x86_64-fedora-clang, r-devel-linux-x86_64-fedora-gcc, r-devel-windows-x86_64, r-devel-windows-x86_64-gcc10-UCRT, r-patched-linux-x86_64, r-patched-solaris-x86, r-release-linux-x86_64, r-release-macos-arm64, r-release-macos-x86_64, r-release-windows-ix86+x86_64

Version: 0.3.4
Check: Rd cross-references
Result: NOTE
    Undeclared package ‘htmlwidgets’ in Rd xrefs
Flavor: r-devel-linux-x86_64-fedora-clang