CRAN Package Check Results for Package mlr3shiny

Last updated on 2021-07-01 01:49:18 CEST.

Flavor Version Tinstall Tcheck Ttotal Status Flags
r-devel-linux-x86_64-debian-clang 0.1.1 1.99 23.82 25.81 NOTE
r-devel-linux-x86_64-debian-gcc 0.1.1 1.83 18.52 20.35 NOTE
r-devel-linux-x86_64-fedora-clang 0.1.1 39.81 NOTE
r-devel-linux-x86_64-fedora-gcc 0.1.1 28.97 NOTE
r-devel-windows-x86_64 0.1.1 13.00 48.00 61.00 NOTE
r-devel-windows-x86_64-gcc10-UCRT 0.1.1 NOTE
r-patched-linux-x86_64 0.1.1 2.05 23.18 25.23 NOTE
r-patched-solaris-x86 0.1.1 51.30 NOTE
r-release-linux-x86_64 0.1.1 1.93 22.58 24.51 NOTE
r-release-macos-arm64 0.1.1 NOTE
r-release-macos-x86_64 0.1.1 NOTE
r-release-windows-ix86+x86_64 0.1.1 6.00 39.00 45.00 NOTE
r-oldrel-macos-x86_64 0.1.1 NOTE
r-oldrel-windows-ix86+x86_64 0.1.1 6.00 35.00 41.00 OK

Check Details

Version: 0.1.1
Check: LazyData
Result: NOTE
     'LazyData' is specified without a 'data' directory
Flavors: r-devel-linux-x86_64-debian-clang, r-devel-linux-x86_64-debian-gcc, r-devel-linux-x86_64-fedora-clang, r-devel-linux-x86_64-fedora-gcc, r-devel-windows-x86_64, r-devel-windows-x86_64-gcc10-UCRT, r-patched-linux-x86_64, r-patched-solaris-x86, r-release-linux-x86_64, r-release-macos-arm64, r-release-macos-x86_64, r-release-windows-ix86+x86_64

Version: 0.1.1
Check: dependencies in R code
Result: NOTE
    Namespaces in Imports field not imported from:
     ‘DT’ ‘data.table’ ‘e1071’ ‘mlr3’ ‘mlr3learners’ ‘mlr3measures’ ‘plyr’
     ‘purrr’ ‘ranger’ ‘readxl’ ‘shinyWidgets’ ‘shinyalert’
     ‘shinydashboard’ ‘shinyjs’ ‘shinythemes’ ‘stats’ ‘stringr’
     All declared Imports should be used.
Flavors: r-devel-linux-x86_64-fedora-clang, r-devel-linux-x86_64-fedora-gcc, r-devel-windows-x86_64-gcc10-UCRT, r-patched-solaris-x86, r-release-macos-arm64, r-release-macos-x86_64, r-oldrel-macos-x86_64