CRAN Package Check Results for Package mniw

Last updated on 2021-07-01 01:49:18 CEST.

Flavor Version Tinstall Tcheck Ttotal Status Flags
r-devel-linux-x86_64-debian-clang 1.0 167.42 91.99 259.41 OK
r-devel-linux-x86_64-debian-gcc 1.0 111.86 69.60 181.46 OK
r-devel-linux-x86_64-fedora-clang 1.0 365.99 NOTE
r-devel-linux-x86_64-fedora-gcc 1.0 329.74 OK
r-devel-windows-x86_64 1.0 136.00 130.00 266.00 OK
r-devel-windows-x86_64-gcc10-UCRT 1.0 OK
r-patched-linux-x86_64 1.0 132.08 90.67 222.75 OK
r-patched-solaris-x86 1.0 279.30 OK
r-release-linux-x86_64 1.0 135.16 89.26 224.42 OK
r-release-macos-arm64 1.0 NOTE
r-release-macos-x86_64 1.0 NOTE
r-release-windows-ix86+x86_64 1.0 319.00 193.00 512.00 OK
r-oldrel-macos-x86_64 1.0 NOTE
r-oldrel-windows-ix86+x86_64 1.0 363.00 202.00 565.00 OK

Check Details

Version: 1.0
Check: installed package size
Result: NOTE
     installed size is 16.9Mb
     sub-directories of 1Mb or more:
     libs 16.6Mb
Flavors: r-devel-linux-x86_64-fedora-clang, r-release-macos-arm64, r-release-macos-x86_64, r-oldrel-macos-x86_64