Last updated on 2021-07-01 01:49:18 CEST.
Flavor | Version | Tinstall | Tcheck | Ttotal | Status | Flags |
---|---|---|---|---|---|---|
r-devel-linux-x86_64-debian-clang | 0.1.8 | 4.93 | 65.47 | 70.40 | OK | |
r-devel-linux-x86_64-debian-gcc | 0.1.8 | 4.09 | 47.17 | 51.26 | OK | |
r-devel-linux-x86_64-fedora-clang | 0.1.8 | 89.20 | NOTE | |||
r-devel-linux-x86_64-fedora-gcc | 0.1.8 | 77.14 | OK | |||
r-devel-windows-x86_64 | 0.1.8 | 34.00 | 83.00 | 117.00 | OK | |
r-devel-windows-x86_64-gcc10-UCRT | 0.1.8 | OK | ||||
r-patched-linux-x86_64 | 0.1.8 | 4.97 | 59.12 | 64.09 | OK | |
r-patched-solaris-x86 | 0.1.8 | 106.70 | OK | |||
r-release-linux-x86_64 | 0.1.8 | 4.05 | 60.72 | 64.77 | OK | |
r-release-macos-arm64 | 0.1.8 | OK | ||||
r-release-macos-x86_64 | 0.1.8 | OK | ||||
r-release-windows-ix86+x86_64 | 0.1.8 | 12.00 | 81.00 | 93.00 | OK | |
r-oldrel-macos-x86_64 | 0.1.8 | OK | ||||
r-oldrel-windows-ix86+x86_64 | 0.1.8 | 13.00 | 69.00 | 82.00 | OK |
Version: 0.1.8
Check: Rd cross-references
Result: NOTE
Undeclared packages ‘lme4’, ‘rstanarm’, ‘dplyr’ in Rd xrefs
Flavor: r-devel-linux-x86_64-fedora-clang