Last updated on 2021-07-01 01:49:18 CEST.
Flavor | Version | Tinstall | Tcheck | Ttotal | Status | Flags |
---|---|---|---|---|---|---|
r-devel-linux-x86_64-debian-clang | 1.2.6 | 39.62 | 42.51 | 82.13 | OK | |
r-devel-linux-x86_64-debian-gcc | 1.2.6 | 26.54 | 33.86 | 60.40 | OK | |
r-devel-linux-x86_64-fedora-clang | 1.2.6 | 121.10 | OK | |||
r-devel-linux-x86_64-fedora-gcc | 1.2.6 | 106.23 | OK | |||
r-devel-windows-x86_64 | 1.2.6 | 35.00 | 45.00 | 80.00 | OK | |
r-devel-windows-x86_64-gcc10-UCRT | 1.2.6 | OK | ||||
r-patched-linux-x86_64 | 1.2.6 | 32.76 | 42.43 | 75.19 | OK | |
r-patched-solaris-x86 | 1.2.6 | 115.90 | OK | |||
r-release-linux-x86_64 | 1.2.6 | 31.03 | 42.76 | 73.79 | OK | |
r-release-macos-arm64 | 1.2.6 | OK | ||||
r-release-macos-x86_64 | 1.2.6 | OK | ||||
r-release-windows-ix86+x86_64 | 1.2.5 | 66.00 | 72.00 | 138.00 | NOTE | |
r-oldrel-macos-x86_64 | 1.2.6 | OK | ||||
r-oldrel-windows-ix86+x86_64 | 1.2.6 | 64.00 | 67.00 | 131.00 | OK |
Version: 1.2.5
Check: LazyData
Result: NOTE
'LazyData' is specified without a 'data' directory
Flavor: r-release-windows-ix86+x86_64