Last updated on 2021-07-01 01:49:19 CEST.
Flavor | Version | Tinstall | Tcheck | Ttotal | Status | Flags |
---|---|---|---|---|---|---|
r-devel-linux-x86_64-debian-clang | 1.0.13 | 91.95 | 119.86 | 211.81 | OK | |
r-devel-linux-x86_64-debian-gcc | 1.0.13 | 61.55 | 89.18 | 150.73 | OK | |
r-devel-linux-x86_64-fedora-clang | 1.0.13 | 281.33 | NOTE | |||
r-devel-linux-x86_64-fedora-gcc | 1.0.13 | 253.33 | OK | |||
r-devel-windows-x86_64 | 1.0.13 | 86.00 | 156.00 | 242.00 | OK | |
r-devel-windows-x86_64-gcc10-UCRT | 1.0.13 | OK | ||||
r-patched-linux-x86_64 | 1.0.13 | 75.86 | 112.79 | 188.65 | OK | |
r-patched-solaris-x86 | 1.0.13 | 280.70 | OK | |||
r-release-linux-x86_64 | 1.0.13 | 74.01 | 113.12 | 187.13 | OK | |
r-release-macos-arm64 | 1.0.13 | NOTE | ||||
r-release-macos-x86_64 | 1.0.13 | NOTE | ||||
r-release-windows-ix86+x86_64 | 1.0.13 | 200.00 | 225.00 | 425.00 | NOTE | |
r-oldrel-macos-x86_64 | 1.0.13 | NOTE | ||||
r-oldrel-windows-ix86+x86_64 | 1.0.13 | 206.00 | 200.00 | 406.00 | NOTE |
Version: 1.0.13
Check: installed package size
Result: NOTE
installed size is 16.9Mb
sub-directories of 1Mb or more:
data 1.6Mb
libs 14.8Mb
Flavors: r-devel-linux-x86_64-fedora-clang, r-release-macos-arm64, r-release-macos-x86_64, r-release-windows-ix86+x86_64, r-oldrel-macos-x86_64, r-oldrel-windows-ix86+x86_64