CRAN Package Check Results for Package multcompView

Last updated on 2021-07-01 01:49:19 CEST.

Flavor Version Tinstall Tcheck Ttotal Status Flags
r-devel-linux-x86_64-debian-clang 0.1-8 3.41 48.96 52.37 OK
r-devel-linux-x86_64-debian-gcc 0.1-8 2.26 36.70 38.96 OK
r-devel-linux-x86_64-fedora-clang 0.1-8 69.55 OK
r-devel-linux-x86_64-fedora-gcc 0.1-8 60.66 OK
r-devel-windows-x86_64 0.1-8 6.00 69.00 75.00 OK
r-devel-windows-x86_64-gcc10-UCRT 0.1-8 OK
r-patched-linux-x86_64 0.1-8 3.46 45.30 48.76 OK
r-patched-solaris-x86 0.1-8 92.10 OK
r-release-linux-x86_64 0.1-8 2.83 45.78 48.61 OK
r-release-macos-arm64 0.1-8 NOTE
r-release-macos-x86_64 0.1-8 OK
r-release-windows-ix86+x86_64 0.1-8 5.00 71.00 76.00 OK
r-oldrel-macos-x86_64 0.1-8 OK
r-oldrel-windows-ix86+x86_64 0.1-8 7.00 62.00 69.00 OK

Check Details

Version: 0.1-8
Check: package dependencies
Result: NOTE
    Package suggested but not available for checking: ‘pgirmess’
Flavor: r-release-macos-arm64