CRAN Package Check Results for Package multipanelfigure

Last updated on 2021-07-01 01:49:19 CEST.

Flavor Version Tinstall Tcheck Ttotal Status Flags
r-devel-linux-x86_64-debian-clang 2.1.2 5.95 85.63 91.58 OK
r-devel-linux-x86_64-debian-gcc 2.1.2 4.31 62.33 66.64 OK
r-devel-linux-x86_64-fedora-clang 2.1.2 115.16 OK
r-devel-linux-x86_64-fedora-gcc 2.1.2 102.02 OK
r-devel-windows-x86_64 2.1.2 9.00 109.00 118.00 OK
r-devel-windows-x86_64-gcc10-UCRT 2.1.2 OK
r-patched-linux-x86_64 2.1.2 7.30 77.28 84.58 OK
r-release-linux-x86_64 2.1.2 5.98 77.18 83.16 OK
r-release-macos-arm64 2.1.2 NOTE
r-release-macos-x86_64 2.1.2 OK
r-release-windows-ix86+x86_64 2.1.2 37.00 103.00 140.00 OK
r-oldrel-macos-x86_64 2.1.2 OK
r-oldrel-windows-ix86+x86_64 2.1.2 17.00 88.00 105.00 OK

Check Details

Version: 2.1.2
Check: package dependencies
Result: NOTE
    Package suggested but not available for checking: ‘ComplexHeatmap’
Flavor: r-release-macos-arm64

Version: 2.1.2
Check: Rd cross-references
Result: NOTE
    Package unavailable to check Rd xrefs: ‘ComplexHeatmap’
Flavor: r-release-macos-arm64