Last updated on 2021-07-01 01:49:19 CEST.
Flavor | Version | Tinstall | Tcheck | Ttotal | Status | Flags |
---|---|---|---|---|---|---|
r-devel-linux-x86_64-debian-clang | 2.9.4 | 19.87 | 111.44 | 131.31 | OK | |
r-devel-linux-x86_64-debian-gcc | 2.9.4 | 16.87 | 81.83 | 98.70 | OK | |
r-devel-linux-x86_64-fedora-clang | 2.9.4 | 167.04 | OK | |||
r-devel-linux-x86_64-fedora-gcc | 2.9.4 | 157.24 | OK | |||
r-devel-windows-x86_64 | 2.9.4 | 28.00 | 119.00 | 147.00 | OK | |
r-devel-windows-x86_64-gcc10-UCRT | 2.9.4 | OK | ||||
r-patched-linux-x86_64 | 2.9.4 | 21.44 | 106.74 | 128.18 | OK | |
r-patched-solaris-x86 | 2.9.4 | 178.70 | OK | |||
r-release-linux-x86_64 | 2.9.4 | 19.82 | 106.27 | 126.09 | OK | |
r-release-macos-arm64 | 2.9.4 | WARN | ||||
r-release-macos-x86_64 | 2.9.4 | OK | ||||
r-release-windows-ix86+x86_64 | 2.9.4 | 26.00 | 112.00 | 138.00 | OK | |
r-oldrel-macos-x86_64 | 2.9.4 | OK | ||||
r-oldrel-windows-ix86+x86_64 | 2.9.4 | 33.00 | 120.00 | 153.00 | OK |
Version: 2.9.4
Check: package dependencies
Result: NOTE
Package suggested but not available for checking: ‘Rgraphviz’
Flavor: r-release-macos-arm64
Version: 2.9.4
Check: re-building of vignette outputs
Result: WARN
Error(s) in re-building vignettes:
...
--- re-building ‘TwoModeNetworks.Rnw’ using knitr
Quitting from lines 128-132 (TwoModeNetworks.Rnw)
Error: processing vignette 'TwoModeNetworks.Rnw' failed with diagnostics:
there is no package called 'Rgraphviz'
--- failed re-building ‘TwoModeNetworks.Rnw’
SUMMARY: processing the following file failed:
‘TwoModeNetworks.Rnw’
Error: Vignette re-building failed.
Execution halted
Flavor: r-release-macos-arm64