CRAN Package Check Results for Package mvc

Last updated on 2021-07-01 01:49:19 CEST.

Flavor Version Tinstall Tcheck Ttotal Status Flags
r-devel-linux-x86_64-debian-clang 1.3 4.46 39.05 43.51 NOTE
r-devel-linux-x86_64-debian-gcc 1.3 3.31 29.49 32.80 NOTE
r-devel-linux-x86_64-fedora-clang 1.3 59.49 NOTE
r-devel-linux-x86_64-fedora-gcc 1.3 49.21 NOTE
r-devel-windows-x86_64 1.3 15.00 61.00 76.00 NOTE
r-devel-windows-x86_64-gcc10-UCRT 1.3 NOTE
r-patched-linux-x86_64 1.3 4.19 35.76 39.95 NOTE
r-patched-solaris-x86 1.3 76.60 NOTE
r-release-linux-x86_64 1.3 3.67 36.71 40.38 NOTE
r-release-macos-arm64 1.3 NOTE
r-release-macos-x86_64 1.3 NOTE
r-release-windows-ix86+x86_64 1.3 9.00 51.00 60.00 NOTE
r-oldrel-macos-x86_64 1.3 NOTE
r-oldrel-windows-ix86+x86_64 1.3 9.00 45.00 54.00 NOTE

Check Details

Version: 1.3
Check: R code for possible problems
Result: NOTE
    conceptIndicesSkm: no visible global function definition for
     'txtProgressBar'
    conceptIndicesSkm: no visible global function definition for
     'setTxtProgressBar'
    conceptVectorsSkm: no visible global function definition for
     'txtProgressBar'
    conceptVectorsSkm: no visible global function definition for
     'setTxtProgressBar'
    mvcmb: no visible global function definition for 'runif'
    mvcmb: no visible global function definition for 'str'
    mvcsph: no visible global function definition for 'pdf'
    mvcsph: no visible global function definition for 'heatmap'
    mvcsph: no visible global function definition for 'dev.off'
    mvcsph: no visible global function definition for 'hclust'
    mvcsph: no visible global function definition for 'dist'
    mvcsph: no visible global function definition for 'str'
    Undefined global functions or variables:
     dev.off dist hclust heatmap pdf runif setTxtProgressBar str
     txtProgressBar
    Consider adding
     importFrom("grDevices", "dev.off", "pdf")
     importFrom("stats", "dist", "hclust", "heatmap", "runif")
     importFrom("utils", "setTxtProgressBar", "str", "txtProgressBar")
    to your NAMESPACE file.
Flavors: r-devel-linux-x86_64-debian-clang, r-devel-linux-x86_64-debian-gcc, r-devel-linux-x86_64-fedora-clang, r-devel-linux-x86_64-fedora-gcc, r-devel-windows-x86_64, r-devel-windows-x86_64-gcc10-UCRT, r-patched-linux-x86_64, r-patched-solaris-x86, r-release-linux-x86_64, r-release-macos-arm64, r-release-macos-x86_64, r-release-windows-ix86+x86_64, r-oldrel-macos-x86_64, r-oldrel-windows-ix86+x86_64