Last updated on 2021-07-01 01:49:19 CEST.
Flavor | Version | Tinstall | Tcheck | Ttotal | Status | Flags |
---|---|---|---|---|---|---|
r-devel-linux-x86_64-debian-clang | 6.0.1-10 | 20.29 | 27.43 | 47.72 | NOTE | |
r-devel-linux-x86_64-debian-gcc | 6.0.1-10 | 13.82 | 21.55 | 35.37 | NOTE | |
r-devel-linux-x86_64-fedora-clang | 6.0.1-10 | 74.88 | NOTE | |||
r-devel-linux-x86_64-fedora-gcc | 6.0.1-10 | 58.75 | NOTE | |||
r-devel-windows-x86_64 | 6.0.1-10 | 20.00 | 54.00 | 74.00 | NOTE | |
r-devel-windows-x86_64-gcc10-UCRT | 6.0.1-10 | NOTE | ||||
r-patched-linux-x86_64 | 6.0.1-10 | 16.73 | 26.44 | 43.17 | NOTE | |
r-patched-solaris-x86 | 6.0.1-10 | 70.80 | NOTE | |||
r-release-linux-x86_64 | 6.0.1-10 | 15.29 | 26.42 | 41.71 | NOTE | |
r-release-macos-arm64 | 6.0.1-10 | NOTE | ||||
r-release-macos-x86_64 | 6.0.1-10 | NOTE | ||||
r-release-windows-ix86+x86_64 | 6.0.1-10 | 37.00 | 64.00 | 101.00 | NOTE | |
r-oldrel-macos-x86_64 | 6.0.1-10 | OK | ||||
r-oldrel-windows-ix86+x86_64 | 6.0.1-10 | 54.00 | 69.00 | 123.00 | OK |
Version: 6.0.1-10
Check: LazyData
Result: NOTE
'LazyData' is specified without a 'data' directory
Flavors: r-devel-linux-x86_64-debian-clang, r-devel-linux-x86_64-debian-gcc, r-devel-linux-x86_64-fedora-clang, r-devel-linux-x86_64-fedora-gcc, r-devel-windows-x86_64, r-devel-windows-x86_64-gcc10-UCRT, r-patched-linux-x86_64, r-patched-solaris-x86, r-release-linux-x86_64, r-release-macos-arm64, r-release-macos-x86_64, r-release-windows-ix86+x86_64