Last updated on 2021-07-01 01:49:19 CEST.
Flavor | Version | Tinstall | Tcheck | Ttotal | Status | Flags |
---|---|---|---|---|---|---|
r-devel-linux-x86_64-debian-clang | 3.0.1 | 2.55 | 31.08 | 33.63 | OK | |
r-devel-linux-x86_64-debian-gcc | 3.0.1 | 2.18 | 24.33 | 26.51 | OK | |
r-devel-linux-x86_64-fedora-clang | 3.0.1 | 50.76 | OK | |||
r-devel-linux-x86_64-fedora-gcc | 3.0.1 | 39.84 | OK | |||
r-devel-windows-x86_64 | 3.0.1 | 4.00 | 49.00 | 53.00 | OK | |
r-devel-windows-x86_64-gcc10-UCRT | 3.0.1 | OK | ||||
r-patched-linux-x86_64 | 3.0.1 | 2.71 | 29.87 | 32.58 | OK | |
r-patched-solaris-x86 | 3.0.1 | 61.20 | OK | |||
r-release-linux-x86_64 | 3.0.1 | 2.62 | 29.94 | 32.56 | OK | |
r-release-macos-arm64 | 3.0.1 | NOTE | ||||
r-release-macos-x86_64 | 3.0.1 | OK | ||||
r-release-windows-ix86+x86_64 | 3.0.1 | 28.00 | 53.00 | 81.00 | OK | |
r-oldrel-macos-x86_64 | 3.0.1 | OK | ||||
r-oldrel-windows-ix86+x86_64 | 3.0.1 | 6.00 | 41.00 | 47.00 | OK |
Version: 3.0.1
Check: package dependencies
Result: NOTE
Packages suggested but not available for checking:
'terra', 'rnaturalearth', 'sf'
Flavor: r-release-macos-arm64