Last updated on 2021-07-01 01:49:19 CEST.
Flavor | Version | Tinstall | Tcheck | Ttotal | Status | Flags |
---|---|---|---|---|---|---|
r-devel-linux-x86_64-debian-clang | 0.1.0 | 6.84 | 58.91 | 65.75 | OK | |
r-devel-linux-x86_64-debian-gcc | 0.1.0 | 4.37 | 43.26 | 47.63 | OK | |
r-devel-linux-x86_64-fedora-clang | 0.1.0 | 86.65 | NOTE | |||
r-devel-linux-x86_64-fedora-gcc | 0.1.0 | 75.58 | NOTE | |||
r-devel-windows-x86_64 | 0.1.0 | 9.00 | 82.00 | 91.00 | OK | |
r-devel-windows-x86_64-gcc10-UCRT | 0.1.0 | NOTE | ||||
r-patched-linux-x86_64 | 0.1.0 | 8.30 | 56.21 | 64.51 | OK | |
r-patched-solaris-x86 | 0.1.0 | 109.70 | NOTE | |||
r-release-linux-x86_64 | 0.1.0 | 4.42 | 55.77 | 60.19 | OK | |
r-release-macos-arm64 | 0.1.0 | NOTE | ||||
r-release-macos-x86_64 | 0.1.0 | NOTE | ||||
r-release-windows-ix86+x86_64 | 0.1.0 | 9.00 | 71.00 | 80.00 | OK | |
r-oldrel-macos-x86_64 | 0.1.0 | NOTE | ||||
r-oldrel-windows-ix86+x86_64 | 0.1.0 | 11.00 | 65.00 | 76.00 | OK |
Version: 0.1.0
Check: dependencies in R code
Result: NOTE
Namespace in Imports field not imported from: ‘Rdpack’
All declared Imports should be used.
Flavors: r-devel-linux-x86_64-fedora-clang, r-devel-linux-x86_64-fedora-gcc, r-devel-windows-x86_64-gcc10-UCRT, r-patched-solaris-x86, r-release-macos-arm64, r-release-macos-x86_64, r-oldrel-macos-x86_64