CRAN Package Check Results for Package neuroim

Last updated on 2021-07-01 01:49:19 CEST.

Flavor Version Tinstall Tcheck Ttotal Status Flags
r-devel-linux-x86_64-debian-clang 0.0.6 43.12 173.36 216.48 OK
r-devel-linux-x86_64-debian-gcc 0.0.6 32.24 126.40 158.64 OK
r-devel-linux-x86_64-fedora-clang 0.0.6 268.27 NOTE
r-devel-linux-x86_64-fedora-gcc 0.0.6 258.24 NOTE
r-devel-windows-x86_64 0.0.6 58.00 215.00 273.00 OK
r-devel-windows-x86_64-gcc10-UCRT 0.0.6 OK
r-patched-linux-x86_64 0.0.6 40.54 158.55 199.09 OK
r-patched-solaris-x86 0.0.6 316.90 OK
r-release-linux-x86_64 0.0.6 36.57 160.52 197.09 OK
r-release-macos-arm64 0.0.6 OK
r-release-macos-x86_64 0.0.6 OK
r-release-windows-ix86+x86_64 0.0.6 89.00 251.00 340.00 OK
r-oldrel-macos-x86_64 0.0.6 OK
r-oldrel-windows-ix86+x86_64 0.0.6 86.00 240.00 326.00 OK

Check Details

Version: 0.0.6
Check: compiled code
Result: NOTE
    File ‘neuroim/libs/neuroim.so’:
     Found no calls to: ‘R_registerRoutines’, ‘R_useDynamicSymbols’
    
    It is good practice to register native routines and to disable symbol
    search.
    
    See ‘Writing portable packages’ in the ‘Writing R Extensions’ manual.
Flavors: r-devel-linux-x86_64-fedora-clang, r-devel-linux-x86_64-fedora-gcc