CRAN Package Check Results for Package nhlscrape

Last updated on 2021-07-01 01:49:19 CEST.

Flavor Version Tinstall Tcheck Ttotal Status Flags
r-devel-linux-x86_64-debian-clang 0.1.3 2.82 29.42 32.24 NOTE
r-devel-linux-x86_64-debian-gcc 0.1.3 2.17 23.06 25.23 NOTE
r-devel-linux-x86_64-fedora-clang 0.1.3 47.35 NOTE
r-devel-linux-x86_64-fedora-gcc 0.1.3 37.38 NOTE
r-devel-windows-x86_64 0.1.3 5.00 46.00 51.00 NOTE
r-devel-windows-x86_64-gcc10-UCRT 0.1.3 NOTE
r-patched-linux-x86_64 0.1.3 2.57 28.43 31.00 NOTE
r-patched-solaris-x86 0.1.3 56.70 NOTE
r-release-linux-x86_64 0.1.3 2.48 28.45 30.93 NOTE
r-release-macos-arm64 0.1.3 NOTE
r-release-macos-x86_64 0.1.3 NOTE
r-release-windows-ix86+x86_64 0.1.3 16.00 44.00 60.00 NOTE
r-oldrel-macos-x86_64 0.1.3 OK
r-oldrel-windows-ix86+x86_64 0.1.3 6.00 40.00 46.00 OK

Check Details

Version: 0.1.3
Check: LazyData
Result: NOTE
     'LazyData' is specified without a 'data' directory
Flavors: r-devel-linux-x86_64-debian-clang, r-devel-linux-x86_64-debian-gcc, r-devel-linux-x86_64-fedora-clang, r-devel-linux-x86_64-fedora-gcc, r-devel-windows-x86_64, r-devel-windows-x86_64-gcc10-UCRT, r-patched-linux-x86_64, r-patched-solaris-x86, r-release-linux-x86_64, r-release-macos-arm64, r-release-macos-x86_64, r-release-windows-ix86+x86_64