Last updated on 2021-07-01 01:49:19 CEST.
Flavor | Version | Tinstall | Tcheck | Ttotal | Status | Flags |
---|---|---|---|---|---|---|
r-devel-linux-x86_64-debian-clang | 0.3.1 | 6.03 | 58.72 | 64.75 | OK | |
r-devel-linux-x86_64-debian-gcc | 0.3.1 | 5.00 | 44.43 | 49.43 | OK | |
r-devel-linux-x86_64-fedora-clang | 0.3.1 | 85.25 | NOTE | |||
r-devel-linux-x86_64-fedora-gcc | 0.3.1 | 75.98 | NOTE | |||
r-devel-windows-x86_64 | 0.3.1 | 31.00 | 81.00 | 112.00 | OK | |
r-devel-windows-x86_64-gcc10-UCRT | 0.3.1 | NOTE | ||||
r-patched-linux-x86_64 | 0.3.1 | 6.26 | 55.08 | 61.34 | OK | |
r-patched-solaris-x86 | 0.3.1 | 98.20 | NOTE | |||
r-release-linux-x86_64 | 0.3.1 | 6.56 | 55.78 | 62.34 | OK | |
r-release-macos-arm64 | 0.3.1 | NOTE | ||||
r-release-macos-x86_64 | 0.3.1 | NOTE | ||||
r-release-windows-ix86+x86_64 | 0.3.1 | 22.00 | 75.00 | 97.00 | OK | |
r-oldrel-macos-x86_64 | 0.3.1 | NOTE | ||||
r-oldrel-windows-ix86+x86_64 | 0.3.1 | 16.00 | 70.00 | 86.00 | OK |
Version: 0.3.1
Check: data for non-ASCII characters
Result: NOTE
Note: found 4 marked UTF-8 strings
Flavors: r-devel-linux-x86_64-fedora-clang, r-devel-linux-x86_64-fedora-gcc, r-devel-windows-x86_64-gcc10-UCRT, r-patched-solaris-x86, r-release-macos-arm64, r-release-macos-x86_64, r-oldrel-macos-x86_64