CRAN Package Check Results for Package noctua

Last updated on 2021-07-01 01:49:19 CEST.

Flavor Version Tinstall Tcheck Ttotal Status Flags
r-devel-linux-x86_64-debian-clang 2.0.1 7.59 81.21 88.80 NOTE
r-devel-linux-x86_64-debian-gcc 2.0.1 6.02 59.96 65.98 NOTE
r-devel-linux-x86_64-fedora-clang 2.0.1 113.13 NOTE
r-devel-linux-x86_64-fedora-gcc 2.0.1 108.21 NOTE
r-devel-windows-x86_64 2.0.1 31.00 107.00 138.00 NOTE
r-devel-windows-x86_64-gcc10-UCRT 2.0.1 NOTE
r-patched-linux-x86_64 2.0.1 13.25 75.76 89.01 NOTE
r-patched-solaris-x86 2.0.1 147.20 NOTE
r-release-linux-x86_64 2.0.1 6.13 75.32 81.45 NOTE
r-release-macos-arm64 2.0.1 NOTE
r-release-macos-x86_64 2.0.1 NOTE
r-release-windows-ix86+x86_64 2.0.1 18.00 112.00 130.00 NOTE
r-oldrel-macos-x86_64 2.0.1 OK
r-oldrel-windows-ix86+x86_64 2.0.1 19.00 96.00 115.00 OK

Check Details

Version: 2.0.1
Check: LazyData
Result: NOTE
     'LazyData' is specified without a 'data' directory
Flavors: r-devel-linux-x86_64-debian-clang, r-devel-linux-x86_64-debian-gcc, r-devel-linux-x86_64-fedora-clang, r-devel-linux-x86_64-fedora-gcc, r-devel-windows-x86_64, r-devel-windows-x86_64-gcc10-UCRT, r-patched-linux-x86_64, r-patched-solaris-x86, r-release-linux-x86_64, r-release-macos-arm64, r-release-macos-x86_64, r-release-windows-ix86+x86_64