CRAN Package Check Results for Package nomnoml

Last updated on 2021-07-01 01:49:19 CEST.

Flavor Version Tinstall Tcheck Ttotal Status Flags
r-devel-linux-x86_64-debian-clang 0.2.3 2.53 30.10 32.63 NOTE
r-devel-linux-x86_64-debian-gcc 0.2.3 1.98 23.78 25.76 NOTE
r-devel-linux-x86_64-fedora-clang 0.2.3 47.58 NOTE
r-devel-linux-x86_64-fedora-gcc 0.2.3 39.03 NOTE
r-devel-windows-x86_64 0.2.3 6.00 48.00 54.00 NOTE
r-devel-windows-x86_64-gcc10-UCRT 0.2.3 NOTE
r-patched-linux-x86_64 0.2.3 2.32 29.05 31.37 NOTE
r-patched-solaris-x86 0.2.3 61.20 NOTE
r-release-linux-x86_64 0.2.3 2.18 29.10 31.28 NOTE
r-release-macos-arm64 0.2.3 NOTE
r-release-macos-x86_64 0.2.3 NOTE
r-release-windows-ix86+x86_64 0.2.3 12.00 43.00 55.00 NOTE
r-oldrel-macos-x86_64 0.2.3 OK
r-oldrel-windows-ix86+x86_64 0.2.3 6.00 47.00 53.00 OK

Check Details

Version: 0.2.3
Check: LazyData
Result: NOTE
     'LazyData' is specified without a 'data' directory
Flavors: r-devel-linux-x86_64-debian-clang, r-devel-linux-x86_64-debian-gcc, r-devel-linux-x86_64-fedora-clang, r-devel-linux-x86_64-fedora-gcc, r-devel-windows-x86_64, r-devel-windows-x86_64-gcc10-UCRT, r-patched-linux-x86_64, r-patched-solaris-x86, r-release-linux-x86_64, r-release-macos-arm64, r-release-macos-x86_64, r-release-windows-ix86+x86_64