CRAN Package Check Results for Package np

Last updated on 2021-07-01 01:49:20 CEST.

Flavor Version Tinstall Tcheck Ttotal Status Flags
r-devel-linux-x86_64-debian-clang 0.60-11 60.93 470.63 531.56 OK
r-devel-linux-x86_64-debian-gcc 0.60-11 50.76 340.32 391.08 OK
r-devel-linux-x86_64-fedora-clang 0.60-11 635.73 NOTE
r-devel-linux-x86_64-fedora-gcc 0.60-11 662.75 OK
r-devel-windows-x86_64 0.60-11 63.00 189.00 252.00 OK --no-examples --no-tests --no-vignettes
r-devel-windows-x86_64-gcc10-UCRT 0.60-11 OK
r-patched-linux-x86_64 0.60-11 58.61 450.26 508.87 OK
r-patched-solaris-x86 0.60-11 940.60 OK
r-release-linux-x86_64 0.60-11 54.00 451.14 505.14 OK
r-release-macos-arm64 0.60-11 OK
r-release-macos-x86_64 0.60-11 OK
r-release-windows-ix86+x86_64 0.60-11 129.00 211.00 340.00 OK --no-examples --no-tests --no-vignettes
r-oldrel-macos-x86_64 0.60-11 OK
r-oldrel-windows-ix86+x86_64 0.60-11 127.00 205.00 332.00 OK --no-examples --no-tests --no-vignettes

Additional issues

clang-UBSAN

Check Details

Version: 0.60-11
Check: Rd cross-references
Result: NOTE
    Undeclared packages ‘logspline’, ‘ks’ in Rd xrefs
Flavor: r-devel-linux-x86_64-fedora-clang