Last updated on 2021-07-01 01:49:20 CEST.
Flavor | Version | Tinstall | Tcheck | Ttotal | Status | Flags |
---|---|---|---|---|---|---|
r-devel-linux-x86_64-debian-clang | 1.4-0 | 274.01 | 578.43 | 852.44 | OK | |
r-devel-linux-x86_64-debian-gcc | 1.4-0 | 172.48 | 422.29 | 594.77 | OK | |
r-devel-linux-x86_64-fedora-clang | 1.4-0 | 1073.55 | NOTE | |||
r-devel-linux-x86_64-fedora-gcc | 1.4-0 | 1070.91 | OK | |||
r-devel-windows-x86_64 | 1.4-0 | 295.00 | 702.00 | 997.00 | NOTE | |
r-devel-windows-x86_64-gcc10-UCRT | 1.4-0 | OK | ||||
r-patched-linux-x86_64 | 1.4-0 | 236.37 | 548.75 | 785.12 | OK | |
r-patched-solaris-x86 | 1.4-0 | 1096.30 | NOTE | |||
r-release-linux-x86_64 | 1.4-0 | 200.53 | 546.15 | 746.68 | OK | |
r-release-macos-arm64 | 1.4-0 | NOTE | ||||
r-release-macos-x86_64 | 1.4-0 | NOTE | ||||
r-release-windows-ix86+x86_64 | 1.4-0 | 559.00 | 905.00 | 1464.00 | NOTE | |
r-oldrel-macos-x86_64 | 1.4-0 | NOTE | ||||
r-oldrel-windows-ix86+x86_64 | 1.4-0 | 552.00 | 779.00 | 1331.00 | NOTE |
Version: 1.4-0
Check: installed package size
Result: NOTE
installed size is 13.2Mb
sub-directories of 1Mb or more:
R 2.5Mb
data 1.0Mb
doc 2.0Mb
help 3.4Mb
libs 3.6Mb
Flavors: r-devel-linux-x86_64-fedora-clang, r-devel-windows-x86_64, r-patched-solaris-x86, r-release-macos-arm64, r-release-macos-x86_64, r-release-windows-ix86+x86_64, r-oldrel-macos-x86_64, r-oldrel-windows-ix86+x86_64