Last updated on 2021-07-01 01:49:20 CEST.
Flavor | Version | Tinstall | Tcheck | Ttotal | Status | Flags |
---|---|---|---|---|---|---|
r-devel-linux-x86_64-debian-clang | 1.0.4 | 18.32 | 218.80 | 237.12 | OK | |
r-devel-linux-x86_64-debian-gcc | 1.0.4 | 14.57 | 160.88 | 175.45 | OK | |
r-devel-linux-x86_64-fedora-clang | 1.0.4 | 280.63 | OK | |||
r-devel-linux-x86_64-fedora-gcc | 1.0.4 | 288.08 | OK | |||
r-devel-windows-x86_64 | 1.0.4 | 22.00 | 255.00 | 277.00 | OK | |
r-devel-windows-x86_64-gcc10-UCRT | 1.0.4 | OK | ||||
r-patched-linux-x86_64 | 1.0.4 | 16.75 | 201.34 | 218.09 | OK | |
r-patched-solaris-x86 | 1.0.4 | 376.40 | OK | |||
r-release-linux-x86_64 | 1.0.4 | 15.31 | 203.05 | 218.36 | OK | |
r-release-macos-arm64 | 1.0.4 | OK | ||||
r-release-macos-x86_64 | 1.0.4 | OK | ||||
r-release-windows-ix86+x86_64 | 1.0.4 | 42.00 | 247.00 | 289.00 | OK | |
r-oldrel-macos-x86_64 | 1.0.4 | ERROR | ||||
r-oldrel-windows-ix86+x86_64 | 1.0.4 | 39.00 | 209.00 | 248.00 | OK |
Version: 1.0.4
Check: package dependencies
Result: ERROR
Package required but not available: ‘KEGGREST’
See section ‘The DESCRIPTION file’ in the ‘Writing R Extensions’
manual.
Flavor: r-oldrel-macos-x86_64