Last updated on 2021-07-01 01:49:20 CEST.
Flavor | Version | Tinstall | Tcheck | Ttotal | Status | Flags |
---|---|---|---|---|---|---|
r-devel-linux-x86_64-debian-clang | 0.2-7 | 4.23 | 44.86 | 49.09 | NOTE | |
r-devel-linux-x86_64-debian-gcc | 0.2-7 | 3.03 | 35.96 | 38.99 | NOTE | |
r-devel-linux-x86_64-fedora-clang | 0.2-7 | 67.63 | NOTE | |||
r-devel-linux-x86_64-fedora-gcc | 0.2-7 | 59.51 | NOTE | |||
r-devel-windows-x86_64 | 0.2-7 | 6.00 | 50.00 | 56.00 | NOTE | |
r-devel-windows-x86_64-gcc10-UCRT | 0.2-7 | NOTE | ||||
r-patched-linux-x86_64 | 0.2-7 | 4.36 | 44.11 | 48.47 | NOTE | |
r-patched-solaris-x86 | 0.2-7 | 82.40 | NOTE | |||
r-release-linux-x86_64 | 0.2-7 | 3.62 | 44.07 | 47.69 | NOTE | |
r-release-macos-arm64 | 0.2-7 | ERROR | ||||
r-release-macos-x86_64 | 0.2-7 | NOTE | ||||
r-release-windows-ix86+x86_64 | 0.2-7 | 7.00 | 44.00 | 51.00 | NOTE | |
r-oldrel-macos-x86_64 | 0.2-7 | NOTE | ||||
r-oldrel-windows-ix86+x86_64 | 0.2-7 | 7.00 | 43.00 | 50.00 | NOTE |
Version: 0.2-7
Check: package dependencies
Result: NOTE
Package suggested but not available for checking: 'openNLPmodels.en'
Flavors: r-devel-linux-x86_64-debian-clang, r-devel-linux-x86_64-debian-gcc, r-devel-linux-x86_64-fedora-clang, r-devel-linux-x86_64-fedora-gcc, r-devel-windows-x86_64, r-devel-windows-x86_64-gcc10-UCRT, r-patched-linux-x86_64, r-patched-solaris-x86, r-release-linux-x86_64, r-release-macos-arm64, r-release-macos-x86_64, r-release-windows-ix86+x86_64, r-oldrel-macos-x86_64, r-oldrel-windows-ix86+x86_64
Version: 0.2-7
Check: whether package can be installed
Result: ERROR
Installation failed.
Flavor: r-release-macos-arm64