CRAN Package Check Results for Package orca

Last updated on 2021-07-01 01:49:20 CEST.

Flavor Version Tinstall Tcheck Ttotal Status Flags
r-devel-linux-x86_64-debian-clang 1.1-1 7.98 24.87 32.85 OK
r-devel-linux-x86_64-debian-gcc 1.1-1 6.92 19.78 26.70 OK
r-devel-linux-x86_64-fedora-clang 1.1-1 53.06 NOTE
r-devel-linux-x86_64-fedora-gcc 1.1-1 43.24 NOTE
r-devel-windows-x86_64 1.1-1 12.00 39.00 51.00 OK
r-devel-windows-x86_64-gcc10-UCRT 1.1-1 OK
r-patched-linux-x86_64 1.1-1 8.04 24.30 32.34 OK
r-patched-solaris-x86 1.1-1 65.60 OK
r-release-linux-x86_64 1.1-1 8.54 24.15 32.69 OK
r-release-macos-arm64 1.1-1 OK
r-release-macos-x86_64 1.1-1 OK
r-release-windows-ix86+x86_64 1.1-1 16.00 40.00 56.00 OK
r-oldrel-macos-x86_64 1.1-1 OK
r-oldrel-windows-ix86+x86_64 1.1-1 18.00 38.00 56.00 OK

Check Details

Version: 1.1-1
Check: compiled code
Result: NOTE
    File ‘orca/libs/orca.so’:
     Found no calls to: ‘R_registerRoutines’, ‘R_useDynamicSymbols’
    
    It is good practice to register native routines and to disable symbol
    search.
    
    See ‘Writing portable packages’ in the ‘Writing R Extensions’ manual.
Flavors: r-devel-linux-x86_64-fedora-clang, r-devel-linux-x86_64-fedora-gcc