CRAN Package Check Results for Package ordinalNet

Last updated on 2021-07-01 01:49:20 CEST.

Flavor Version Tinstall Tcheck Ttotal Status Flags
r-devel-linux-x86_64-debian-clang 2.9 2.95 49.56 52.51 NOTE
r-devel-linux-x86_64-debian-gcc 2.9 2.67 35.72 38.39 NOTE
r-devel-linux-x86_64-fedora-clang 2.9 70.06 NOTE
r-devel-linux-x86_64-fedora-gcc 2.9 62.70 NOTE
r-devel-windows-x86_64 2.9 5.00 67.00 72.00 NOTE
r-devel-windows-x86_64-gcc10-UCRT 2.9 NOTE
r-patched-linux-x86_64 2.9 3.47 45.70 49.17 NOTE
r-patched-solaris-x86 2.9 85.60 NOTE
r-release-linux-x86_64 2.9 2.83 46.26 49.09 NOTE
r-release-macos-arm64 2.9 NOTE
r-release-macos-x86_64 2.9 NOTE
r-release-windows-ix86+x86_64 2.9 5.00 66.00 71.00 NOTE
r-oldrel-macos-x86_64 2.9 OK
r-oldrel-windows-ix86+x86_64 2.9 7.00 53.00 60.00 OK

Check Details

Version: 2.9
Check: LazyData
Result: NOTE
     'LazyData' is specified without a 'data' directory
Flavors: r-devel-linux-x86_64-debian-clang, r-devel-linux-x86_64-debian-gcc, r-devel-linux-x86_64-fedora-clang, r-devel-linux-x86_64-fedora-gcc, r-devel-windows-x86_64, r-devel-windows-x86_64-gcc10-UCRT, r-patched-linux-x86_64, r-patched-solaris-x86, r-release-linux-x86_64, r-release-macos-arm64, r-release-macos-x86_64, r-release-windows-ix86+x86_64