Last updated on 2021-07-01 01:49:20 CEST.
Flavor | Version | Tinstall | Tcheck | Ttotal | Status | Flags |
---|---|---|---|---|---|---|
r-devel-linux-x86_64-debian-clang | 0.1 | 30.63 | 162.49 | 193.12 | NOTE | |
r-devel-linux-x86_64-debian-gcc | 0.1 | 22.44 | 124.46 | 146.90 | NOTE | |
r-devel-linux-x86_64-fedora-clang | 0.1 | 249.71 | NOTE | |||
r-devel-linux-x86_64-fedora-gcc | 0.1 | 242.76 | NOTE | |||
r-devel-windows-x86_64 | 0.1 | 39.00 | 174.00 | 213.00 | NOTE | |
r-devel-windows-x86_64-gcc10-UCRT | 0.1 | NOTE | ||||
r-patched-linux-x86_64 | 0.1 | 28.38 | 157.49 | 185.87 | NOTE | |
r-patched-solaris-x86 | 0.1 | 297.30 | NOTE | |||
r-release-linux-x86_64 | 0.1 | 25.04 | 157.90 | 182.94 | NOTE | |
r-release-macos-arm64 | 0.1 | NOTE | ||||
r-release-macos-x86_64 | 0.1 | NOTE | ||||
r-release-windows-ix86+x86_64 | 0.1 | 66.00 | 222.00 | 288.00 | NOTE | |
r-oldrel-macos-x86_64 | 0.1 | NOTE | ||||
r-oldrel-windows-ix86+x86_64 | 0.1 | 61.00 | 198.00 | 259.00 | OK |
Version: 0.1
Check: LazyData
Result: NOTE
'LazyData' is specified without a 'data' directory
Flavors: r-devel-linux-x86_64-debian-clang, r-devel-linux-x86_64-debian-gcc, r-devel-linux-x86_64-fedora-clang, r-devel-linux-x86_64-fedora-gcc, r-devel-windows-x86_64, r-devel-windows-x86_64-gcc10-UCRT, r-patched-linux-x86_64, r-patched-solaris-x86, r-release-linux-x86_64, r-release-macos-arm64, r-release-macos-x86_64, r-release-windows-ix86+x86_64
Version: 0.1
Check: dependencies in R code
Result: NOTE
Namespace in Imports field not imported from: ‘Rcpp’
All declared Imports should be used.
Flavors: r-devel-linux-x86_64-fedora-clang, r-devel-linux-x86_64-fedora-gcc, r-devel-windows-x86_64-gcc10-UCRT, r-patched-solaris-x86, r-release-macos-arm64, r-release-macos-x86_64, r-oldrel-macos-x86_64
Version: 0.1
Check: compiled code
Result: NOTE
File ‘osmgeosample/libs/osmgeosample.so’:
Found no calls to: ‘R_registerRoutines’, ‘R_useDynamicSymbols’
It is good practice to register native routines and to disable symbol
search.
See ‘Writing portable packages’ in the ‘Writing R Extensions’ manual.
Flavors: r-devel-linux-x86_64-fedora-clang, r-devel-linux-x86_64-fedora-gcc