Last updated on 2021-07-01 01:49:20 CEST.
Flavor | Version | Tinstall | Tcheck | Ttotal | Status | Flags |
---|---|---|---|---|---|---|
r-devel-linux-x86_64-debian-clang | 0.1.4 | 2.95 | 32.23 | 35.18 | OK | |
r-devel-linux-x86_64-debian-gcc | 0.1.4 | 2.53 | 24.78 | 27.31 | OK | |
r-devel-linux-x86_64-fedora-clang | 0.1.4 | 51.69 | OK | |||
r-devel-linux-x86_64-fedora-gcc | 0.1.4 | 64.02 | OK | |||
r-devel-windows-x86_64 | 0.1.4 | 14.00 | 50.00 | 64.00 | OK | |
r-devel-windows-x86_64-gcc10-UCRT | 0.1.4 | OK | ||||
r-patched-linux-x86_64 | 0.1.4 | 3.45 | 31.22 | 34.67 | OK | |
r-patched-solaris-x86 | 0.1.4 | 62.40 | NOTE | |||
r-release-linux-x86_64 | 0.1.4 | 3.12 | 30.77 | 33.89 | OK | |
r-release-macos-arm64 | 0.1.4 | OK | ||||
r-release-macos-x86_64 | 0.1.4 | OK | ||||
r-release-windows-ix86+x86_64 | 0.1.4 | 7.00 | 47.00 | 54.00 | OK | |
r-oldrel-macos-x86_64 | 0.1.4 | OK | ||||
r-oldrel-windows-ix86+x86_64 | 0.1.4 | 8.00 | 44.00 | 52.00 | OK |
Version: 0.1.4
Check: package dependencies
Result: NOTE
Package suggested but not available for checking: ‘ssh’
Flavor: r-patched-solaris-x86