CRAN Package Check Results for Package pa

Last updated on 2021-07-01 01:49:20 CEST.

Flavor Version Tinstall Tcheck Ttotal Status Flags
r-devel-linux-x86_64-debian-clang 1.2-1 7.28 88.82 96.10 NOTE
r-devel-linux-x86_64-debian-gcc 1.2-1 6.50 66.48 72.98 NOTE
r-devel-linux-x86_64-fedora-clang 1.2-1 121.56 NOTE
r-devel-linux-x86_64-fedora-gcc 1.2-1 112.37 NOTE
r-devel-windows-x86_64 1.2-1 11.00 117.00 128.00 NOTE
r-devel-windows-x86_64-gcc10-UCRT 1.2-1 NOTE
r-patched-linux-x86_64 1.2-1 8.19 82.64 90.83 NOTE
r-patched-solaris-x86 1.2-1 164.70 NOTE
r-release-linux-x86_64 1.2-1 7.96 82.82 90.78 NOTE
r-release-macos-arm64 1.2-1 NOTE
r-release-macos-x86_64 1.2-1 NOTE
r-release-windows-ix86+x86_64 1.2-1 24.00 110.00 134.00 NOTE
r-oldrel-macos-x86_64 1.2-1 NOTE
r-oldrel-windows-ix86+x86_64 1.2-1 18.00 103.00 121.00 NOTE

Check Details

Version: 1.2-1
Check: dependencies in R code
Result: NOTE
    Package in Depends field not imported from: 'grid'
     These packages need to be imported from (in the NAMESPACE file)
     for when this namespace is loaded but not attached.
Flavors: r-devel-linux-x86_64-debian-clang, r-devel-linux-x86_64-debian-gcc, r-devel-linux-x86_64-fedora-clang, r-devel-linux-x86_64-fedora-gcc, r-devel-windows-x86_64, r-devel-windows-x86_64-gcc10-UCRT, r-patched-linux-x86_64, r-patched-solaris-x86, r-release-linux-x86_64, r-release-macos-arm64, r-release-macos-x86_64, r-release-windows-ix86+x86_64, r-oldrel-macos-x86_64, r-oldrel-windows-ix86+x86_64

Version: 1.2-1
Check: R code for possible problems
Result: NOTE
    .formula.make: no visible global function definition for 'formula'
    regress: no visible global function definition for 'lm'
    regress: no visible global function definition for 'model.matrix'
    Undefined global functions or variables:
     formula lm model.matrix
    Consider adding
     importFrom("stats", "formula", "lm", "model.matrix")
    to your NAMESPACE file.
Flavors: r-devel-linux-x86_64-debian-clang, r-devel-linux-x86_64-debian-gcc, r-devel-linux-x86_64-fedora-clang, r-devel-linux-x86_64-fedora-gcc, r-devel-windows-x86_64, r-devel-windows-x86_64-gcc10-UCRT, r-patched-linux-x86_64, r-patched-solaris-x86, r-release-linux-x86_64, r-release-macos-arm64, r-release-macos-x86_64, r-release-windows-ix86+x86_64, r-oldrel-macos-x86_64, r-oldrel-windows-ix86+x86_64