Last updated on 2021-07-01 01:49:20 CEST.
Flavor | Version | Tinstall | Tcheck | Ttotal | Status | Flags |
---|---|---|---|---|---|---|
r-devel-linux-x86_64-debian-clang | 0.0.8 | 7.50 | 64.46 | 71.96 | NOTE | |
r-devel-linux-x86_64-debian-gcc | 0.0.8 | 6.25 | 48.71 | 54.96 | NOTE | |
r-devel-linux-x86_64-fedora-clang | 0.0.8 | 95.77 | NOTE | |||
r-devel-linux-x86_64-fedora-gcc | 0.0.8 | 85.61 | NOTE | |||
r-devel-windows-x86_64 | 0.0.8 | 10.00 | 79.00 | 89.00 | NOTE | |
r-devel-windows-x86_64-gcc10-UCRT | 0.0.8 | NOTE | ||||
r-patched-linux-x86_64 | 0.0.8 | 8.49 | 62.02 | 70.51 | NOTE | |
r-patched-solaris-x86 | 0.0.8 | 118.50 | NOTE | |||
r-release-linux-x86_64 | 0.0.8 | 7.93 | 60.63 | 68.56 | NOTE | |
r-release-macos-arm64 | 0.0.8 | NOTE | ||||
r-release-macos-x86_64 | 0.0.8 | NOTE | ||||
r-release-windows-ix86+x86_64 | 0.0.8 | 12.00 | 80.00 | 92.00 | NOTE | |
r-oldrel-macos-x86_64 | 0.0.8 | NOTE | ||||
r-oldrel-windows-ix86+x86_64 | 0.0.8 | 14.00 | 82.00 | 96.00 | NOTE |
Version: 0.0.8
Check: package dependencies
Result: NOTE
Package which this enhances but not available for checking: 'CorShrink'
Flavors: r-devel-linux-x86_64-debian-clang, r-devel-linux-x86_64-debian-gcc, r-devel-linux-x86_64-fedora-clang, r-devel-linux-x86_64-fedora-gcc, r-devel-windows-x86_64, r-devel-windows-x86_64-gcc10-UCRT, r-patched-linux-x86_64, r-patched-solaris-x86, r-release-linux-x86_64, r-release-macos-x86_64, r-release-windows-ix86+x86_64, r-oldrel-macos-x86_64, r-oldrel-windows-ix86+x86_64
Version: 0.0.8
Check: package dependencies
Result: NOTE
Packages which this enhances but not available for checking:
'CorShrink', 'edgeR'
Flavor: r-release-macos-arm64