Last updated on 2021-07-01 01:49:20 CEST.
Flavor | Version | Tinstall | Tcheck | Ttotal | Status | Flags |
---|---|---|---|---|---|---|
r-devel-linux-x86_64-debian-clang | 0.1.4 | 2.81 | 42.43 | 45.24 | NOTE | |
r-devel-linux-x86_64-debian-gcc | 0.1.4 | 2.06 | 31.06 | 33.12 | NOTE | |
r-devel-linux-x86_64-fedora-clang | 0.1.4 | 60.57 | NOTE | |||
r-devel-linux-x86_64-fedora-gcc | 0.1.4 | 51.44 | NOTE | |||
r-devel-windows-x86_64 | 0.1.4 | 3.00 | 58.00 | 61.00 | NOTE | |
r-devel-windows-x86_64-gcc10-UCRT | 0.1.4 | NOTE | ||||
r-patched-linux-x86_64 | 0.1.4 | 2.92 | 39.33 | 42.25 | NOTE | |
r-patched-solaris-x86 | 0.1.4 | 73.80 | NOTE | |||
r-release-linux-x86_64 | 0.1.4 | 2.75 | 39.96 | 42.71 | NOTE | |
r-release-macos-arm64 | 0.1.4 | NOTE | ||||
r-release-macos-x86_64 | 0.1.4 | NOTE | ||||
r-release-windows-ix86+x86_64 | 0.1.4 | 5.00 | 52.00 | 57.00 | NOTE | |
r-oldrel-macos-x86_64 | 0.1.4 | OK | ||||
r-oldrel-windows-ix86+x86_64 | 0.1.4 | 6.00 | 52.00 | 58.00 | OK |
Version: 0.1.4
Check: LazyData
Result: NOTE
'LazyData' is specified without a 'data' directory
Flavors: r-devel-linux-x86_64-debian-clang, r-devel-linux-x86_64-debian-gcc, r-devel-linux-x86_64-fedora-clang, r-devel-linux-x86_64-fedora-gcc, r-devel-windows-x86_64, r-devel-windows-x86_64-gcc10-UCRT, r-patched-linux-x86_64, r-patched-solaris-x86, r-release-linux-x86_64, r-release-macos-arm64, r-release-macos-x86_64, r-release-windows-ix86+x86_64